
What is the tens digit of 110155?
5
What is the hundreds digit of 106227?
2
What is the thousands digit of 3858?
3
What is the units digit of 22684?
4
What is the hundreds digit of 19040?
0
What is the tens digit of 1925?
2
What is the hundreds digit of 334?
3
What is the units digit of 9502?
2
What is the thousands digit of 16448?
6
What is the tens digit of 5735?
3
What is the tens digit of 55552?
5
What is the tens digit of 3921?
2
What is the hundreds digit of 6766?
7
What is the units digit of 635?
5
What is the tens digit of 555?
5
What is the hundreds digit of 702?
7
What is the thousands digit of 1498?
1
What is the hundreds digit of 26467?
4
What is the ten thousands digit of 92415?
9
What is the units digit of 1267?
7
What is the units digit of 768?
8
What is the thousands digit of 1848?
1
What is the tens digit of 3320?
2
What is the hundreds digit of 247?
2
What is the hundreds digit of 4075?
0
What is the hundreds digit of 8274?
2
What is the units digit of 1379?
9
What is the units digit of 81019?
9
What is the units digit of 22598?
8
What is the units digit of 13387?
7
What is the hundreds digit of 522?
5
What is the hundreds digit of 8064?
0
What is the tens digit of 35153?
5
What is the tens digit of 4118?
1
What is the units digit of 11076?
6
What is the units digit of 5340?
0
What is the units digit of 11774?
4
What is the units digit of 3835?
5
What is the tens digit of 351?
5
What is the hundreds digit of 2955?
9
What is the tens digit of 29000?
0
What is the hundreds digit of 47805?
8
What is the thousands digit of 112259?
2
What is the thousands digit of 12486?
2
What is the tens digit of 9740?
4
What is the thousands digit of 1798?
1
What is the ten thousands digit of 11225?
1
What is the hundreds digit of 2987?
9
What is the units digit of 2422?
2
What is the ten thousands digit of 19179?
1
What is the ten thousands digit of 21123?
2
What is the tens digit of 1884?
8
What is the units digit of 2712?
2
What is the units digit of 4693?
3
What is the hundreds digit of 35796?
7
What is the hundreds digit of 2987?
9
What is the units digit of 11314?
4
What is the thousands digit of 40130?
0
What is the thousands digit of 1112?
1
What is the tens digit of 1954?
5
What is the units digit of 464?
4
What is the ten thousands digit of 21198?
2
What is the thousands digit of 3603?
3
What is the tens digit of 4110?
1
What is the thousands digit of 11236?
1
What is the thousands digit of 6009?
6
What is the hundreds digit of 6861?
8
What is the tens digit of 2285?
8
What is the hundreds digit of 112424?
4
What is the units digit of 2160?
0
What is the thousands digit of 93939?
3
What is the hundreds digit of 57795?
7
What is the tens digit of 175?
7
What is the thousands digit of 4082?
4
What is the tens digit of 921?
2
What is the hundreds digit of 6763?
7
What is the thousands digit of 17456?
7
What is the units digit of 4038?
8
What is the units digit of 75430?
0
What is the thousands digit of 1152?
1
What is the units digit of 2422?
2
What is the tens digit of 1884?
8
What is the units digit of 1014?
4
What is the tens digit of 23046?
4
What is the units digit of 1173?
3
What is the hundreds digit of 9102?
1
What is the units digit of 1138?
8
What is the thousands digit of 2746?
2
What is the thousands digit of 65779?
5
What is the tens digit of 16495?
9
What is the tens digit of 4413?
1
What is the tens digit of 13728?
2
What is the ten thousands digit of 34323?
3
What is the hundreds digit of 346?
3
What is the tens digit of 933?
3
What is the ten thousands digit of 20127?
2
What is the hundreds digit of 53558?
5
What is the hundreds digit of 2003?
0
What is the thousands digit of 4286?
4
What is the hundreds digit of 1112?
1
What is the thousands digit of 1862?
1
What is the hundreds digit of 1574?
5
What is the units digit of 132?
2
What is the tens digit of 5190?
9
What is the tens digit of 12137?
3
What is the hundreds digit of 4747?
7
What is the tens digit of 1364?
6
What is the thousands digit of 1397?
1
What is the tens digit of 25974?
7
What is the thousands digit of 23221?
3
What is the units digit of 1197?
7
What is the units digit of 346?
6
What is the tens digit of 357?
5
What is the tens digit of 802?
0
What is the hundreds digit of 670?
6
What is the thousands digit of 23353?
3
What is the units digit of 36151?
1
What is the units digit of 1003?
3
What is the tens digit of 4752?
5
What is the thousands digit of 7485?
7
What is the tens digit of 26564?
6
What is the hundreds digit of 113489?
4
What is the thousands digit of 2056?
2
What is the tens digit of 1339?
3
What is the hundreds digit of 2607?
6
What is the tens digit of 17245?
4
What is the thousands digit of 8794?
8
What is the units digit of 98033?
3
What is the tens digit of 932?
3
What is the units digit of 1130?
0
What is the hundreds digit of 860?
8
What is the hundreds digit of 11924?
9
What is the hundreds digit of 6502?
5
What is the units digit of 85077?
7
What is the tens digit of 141447?
4
What is the tens digit of 8140?
4
What is the tens digit of 28878?
7
What is the tens digit of 83113?
1
What is the units digit of 21586?
6
What is the hundreds digit of 3053?
0
What is the hundreds digit of 921?
9
What is the tens digit of 5379?
7
What is the units digit of 78414?
4
What is the thousands digit of 1667?
1
What is the units digit of 49541?
1
What is the tens digit of 2407?
0
What is the tens digit of 904?
0
What is the thousands digit of 22514?
2
What is the tens digit of 97?
9
What is the hundreds digit of 2778?
7
What is the hundreds digit of 8656?
6
What is the hundreds digit of 239?
2
What is the hundreds digit of 21573?
5
What is the hundreds digit of 2584?
5
What is the thousands digit of 35246?
5
What is the tens digit of 135?
3
What is the tens digit of 2226?
2
What is the thousands digit of 95436?
5
What is the thousands digit of 2660?
2
What is the units digit of 11401?
1
What is the hundreds digit of 1023?
0
What is the units digit of 628?
8
What is the thousands digit of 12463?
2
What is the hundreds digit of 18644?
6
What is the thousands digit of 3290?
3
What is the thousands digit of 3956?
3
What is the thousands digit of 40624?
0
What is the units digit of 55278?
8
What is the units digit of 604?
4
What is the tens digit of 5428?
2
What is the thousands digit of 8871?
8
What is the hundreds digit of 5362?
3
What is the tens digit of 15212?
1
What is the hundreds digit of 12421?
4
What is the tens digit of 6167?
6
What is the thousands digit of 58203?
8
What is the tens digit of 941?
4
What is the units digit of 663?
3
What is the thousands digit of 41202?
1
What is the units digit of 313?
3
What is the hundreds digit of 343?
3
What is the units digit of 540?
0
What is the ten thousands digit of 15674?
1
What is the ten thousands digit of 12407?
1
What is the tens digit of 14677?
7
What is the thousands digit of 3435?
3
What is the units digit of 6022?
2
What is the units digit of 262?
2
What is the thousands digit of 5633?
5
What is the hundreds digit of 23090?
0
What is the units digit of 2082?
2
What is the units digit of 46857?
7
What is the hundreds digit of 8762?
7
What is the hundreds digit of 440?
4
What is the tens digit of 91?
9
What is the tens digit of 993?
9
What is the ten thousands digit of 24246?
2
What is the thousands digit of 10457?
0
What is the thousands digit of 4224?
4
What is the thousands digit of 15555?
5
What is the units digit of 1933?
3
What is the hundreds digit of 33529?
5
What is the units digit of 1884?
4
What is the ten thousands digit of 80402?
8
What is the hundreds digit of 3308?
3
What is the tens digit of 187?
8
What is the tens digit of 20292?
9
What is the units digit of 5936?
6
What is the tens digit of 53061?
6
What is the tens digit of 613?
1
What is the hundreds digit of 3797?
7
What is the tens digit of 6618?
1
What is the units digit of 577?
7
What is the tens digit of 19691?
9
What is the tens digit of 536?
3
What is the units digit of 155125?
5
What is the hundreds digit of 3477?
4
What is the thousands digit of 4554?
4
What is the hundreds digit of 901?
9
What is the units digit of 146?
6
What is the thousands digit of 53135?
3
What is the hundreds digit of 152853?
8
What